{"id":60,"date":"2025-05-28T21:30:20","date_gmt":"2025-05-29T00:30:20","guid":{"rendered":"https:\/\/chitaodospobres.com.br\/?page_id=60"},"modified":"2025-06-29T13:31:37","modified_gmt":"2025-06-29T16:31:37","slug":"edicoes-anteriores","status":"publish","type":"page","link":"https:\/\/chitaodospobres.com.br\/?page_id=60","title":{"rendered":"Edi\u00e7\u00f5es Anteriores"},"content":{"rendered":"\n<p>19 de JULHO DE 2025: 77 anos de tradi\u00e7\u00e3o! Anima\u00e7\u00e3o com Dany &amp; Forroz\u00e3o Mazenir, Forr\u00f3 na Pisadinha Marcos Miranda. Local: Clube Recanto C\u00e9u Azul.<\/p>\n\n\n\n<p>8 de JULHO DE 2023: 75 anos de tradi\u00e7\u00e3o! Anima\u00e7\u00e3o com Tomma Forroz\u00e3o, Forr\u00f3 na Pisadinha e Dor\u00e9 do Acordeon. Local: Clube Recanto C\u00e9u Azul.<\/p>\n\n\n\n<p>16 de JULHO DE 2022: 74 anos de tradi\u00e7\u00e3o! Forr\u00f3 da Pisadinha e Dor\u00e9 do Acordeon.<\/p>\n\n\n\n<p>09 de JUNHO DE 2021: 73 anos de tradi\u00e7\u00e3o! Cancelado devido ao covid-19.<\/p>\n\n\n\n<p>09 de JUNHO DE 2020: 72 anos de tradi\u00e7\u00e3o! Cancelado devido ao covid-19.<\/p>\n\n\n\n<p>20 de JULHO DE 2019: 71 anos de tradi\u00e7\u00e3o! Paulo Robson dos Teclados.<\/p>\n\n\n\n<p>09 de JUNHO DE 2018: 70 anos de tradi\u00e7\u00e3o! Anima\u00e7\u00e3o com Nezim do Acordeom, Forr\u00f3 das Pitombeiras, Deca Juv\u00eancio, Forr\u00f3 Chap\u00e9u de Rola.<\/p>\n\n\n\n<p>01 de JULHO DE 2017: 69 anos de tradi\u00e7\u00e3o! Anima\u00e7\u00e3o com Forroz\u00e3o Aza Negra \u2013 O anjo do forr\u00f3 na QUADRA DO GARCIA.<\/p>\n\n\n\n<p>25 de JUNHO DE 2016: 68 anos de tradi\u00e7\u00e3o! Anima\u00e7\u00e3o com Forroz\u00e3o Aza Negra \u2013 O anjo do forr\u00f3 na QUADRA DO GARCIA.<\/p>\n\n\n\n<p>04 de JULHO DE 2015: 67 anos de tradi\u00e7\u00e3o! Anima\u00e7\u00e3o com &nbsp;Forr\u00f3 Mazenir &amp; Forr\u00f3 Chap\u00e9u de Massa na quadra do Dida em Contendas.<\/p>\n\n\n\n<p>05 de JULHO DE 2014: 66 anos de tradi\u00e7\u00e3o! Anima\u00e7\u00e3o com &nbsp;Forr\u00f3 Bom de Dan\u00e7ar &amp; Ailton do Acordeon na quadra do Educand\u00e1rio de Massap\u00ea.<\/p>\n\n\n\n<p>06 de JULHO de 2013: 65 anos de tradi\u00e7\u00e3o! Quadra do educand\u00e1rio, com Forroz\u00e3o Mazenir.<\/p>\n\n\n\n<p>21 de JULHO de 2012: 64 anos de tradi\u00e7\u00e3o! Nno Clube Social e Art\u00edstico dos Oper\u00e1rios de Massap\u00ea, com Pereira do Acordeon &amp; Banda.<\/p>\n\n\n\n<p>16 de JULHO DE 2011: 63 anos de tradi\u00e7\u00e3o! Anima\u00e7\u00e3o com Tchesco Oliveira &amp; Banda e Neg\u00e3o do Norte, no Clube do Oper\u00e1rios de Massap\u00ea.<\/p>\n\n\n\n<p>17 de JULHO DE 2010: 62 anos de tradi\u00e7\u00e3o! Anima\u00e7\u00e3o com a banda Forr\u00f3 no Jeiro, na quadra do Educand\u00e1rio Nossa Senhora do Carmo.<\/p>\n\n\n\n<p>18 de JULHO DE 2009: 61 anos de tradi\u00e7\u00e3o! Anima\u00e7\u00e3o com a banda Forr\u00f3 no Jeito de Sobral, na quadra do Educand\u00e1rio Nossa Senhora do Carmo, vom vasta premia\u00e7\u00e3o: 1 fog\u00e3o 4 bocas, uma bicicleta, 5 ventiladores, 2 liquidificadores, 2 ferros el\u00e9tricos, uma t\u00e1bua de passar, um alarme para carro, uma sand\u00e1lia feminina, uma cal\u00e7a masculina, um faqueiro com 24 pe\u00e7as e uma panela de press\u00e3o com capacidade para 5 litros. Esta edi\u00e7\u00e3o foi a primeira ap\u00f3s dez anos, culminando com o lan\u00e7amento do hino oficial do Chit\u00e3o dos Pobres e seu site na internet. Contou com as seguintes parcerias e colaboradores: A\u00e7\u00facar S\u00e3o Mateus; Auto Pe\u00e7as Santo Antonio; Cori Frota; Deputado Ferreira Arag\u00e3o; Deputado Zezinho Albuquerque; Doutor Jilson Canuto (vice-prefeito); Doutor Jo\u00e3o Pontes (prefeito); Expedito Filho (presidente do Centro Social Massapeense); Frigor\u00edfico Mumbaba; Jacques Albuquerque (ex-prefeito de Massap\u00ea); Mercearia e Frigor\u00edfico Bons Amigos; Mercantil Arrudinha; MR Eletrom\u00f3veis (O Marc\u00e3o do Titico); Roberto Frota (diretor\/propriet\u00e1rio do Educand\u00e1rio Nossa Senhora do Carmo); Rom\u00e3o Cajazeiras (Porto da Pedra); Vereador Ata\u00edde; Vereador Doutor Estev\u00e3o; Vereadora Kelvia Albuquerque; Vereador Paulinho do Frigor\u00edfico e ainda: Mercantil Novo Skin\u00e3o (J\u00fanior &amp; \u00c1lgea); Boutiue G (Germana); Bete Boutique (Betinha); Trevo do Norte; Armarinho Cec\u00edlia Confec\u00e7\u00f5es e Casa Assun\u00e7\u00e3o.<\/p>\n\n\n\n<p>26 DE JULHO DE 2008: 60 anos de tradi\u00e7\u00e3o! Anima\u00e7\u00e3o com Cafun\u00e9 do Mucambo e Sim\u00f5es Carolino, no Centro Social Massapeense, com vasta premia\u00e7\u00e3o: 2 televisores, 1 liquidificador, 4 ventiladores, uma panela de press\u00e3o, 1 ferro el\u00e9trico e uma cal\u00e7a. Esta edi\u00e7\u00e3o foi a \u00faltima realizada naquela centen\u00e1ria pra\u00e7a de espet\u00e1culos, para, no pr\u00f3ximo retornar ao local de antes, a quadra do Educand\u00e1rio Nossa Senhora do Carmo. O organizador do Chit\u00e3o dos Pobres Ferreirinha, agradece ao presidente do Centro Social Massapeense o senhor Expedito Filho, por ceder durante uma d\u00e9cada o clube, bem como, ao senhor Roberto Frota, educador\/propriet\u00e1rio do Educand\u00e1rio Nossa Senhora do Carmo, por re-acolher o Chit\u00e3o dos Pobres no ano seguinte. Esta edi\u00e7\u00e3o culminou com a morte do fundador do Chit\u00e3o dos Pobres Expedito Ferreira, aos 84 anos, dia 1\u00ba de julho de 2008, se despedindo com Bodas de Diamante. Contou com as seguintes parcerias e colaboradores: Deputado Luiz Pontes; Deputado Zezinho Albuquerque; Expedito Filho (presidente do Centro Social Massapeense); Armarinho Cec\u00edlia Confec\u00e7\u00f5es; Bete Boutique; Casa Assun\u00e7\u00e3o; Frigor\u00edfico Mumbaba; Mercantil Bons Amigos (Basti\u00e3o &amp; Vera) e Mercantil Novo Skin\u00e3o.<\/p>\n\n\n\n<p>21 DE JULHO DE 2007: 59 anos de tradi\u00e7\u00e3o! Anima\u00e7\u00e3o do Forroz\u00e3o Mazenir &amp; Banda at\u00e9 as 04h do dia seguinte, no Centro Social Massapeense, com vasta premia\u00e7\u00e3o:<br>4 ventiladores, 3 liquidificadores, 1 ferro el\u00e9trico, uma panela de press\u00e3o, um guarda roupa, 30 horas de acesso \u00e0 internet, um curso de inform\u00e1tica e mais 15 horas de acesso \u00e0 internet.<br>Contou com as seguintes parcerias e colaboradores: PC Arruda Eletrom\u00f3veis; Fox Net; Mercantil Novo Skin\u00e3o; Casa Arruda; Boutique G; Play Net; JB Madeireira; Casa Assun\u00e7\u00e3o; Silvana Perfumaria; Expedito Filho (presidente do Centro Social Massapeense); Doutor Estev\u00e3o (o amigo pra valer); Frigor\u00edfico Mumbaba; Nilson Frota (ex-prefeito); Cori Frota; Armarinho Cec\u00edlia Confec\u00e7\u00f5es; Frigor\u00edfico Bons Amigos e Vereador Juscelino Flor\u00eancio (presidente da C\u00e2mara de vereadores de Massap\u00ea).<\/p>\n\n\n\n<p>22 E JULHO DE 2006: 58 anos de tradi\u00e7\u00e3o! Local: Centro Social Massapeense. Anima\u00e7\u00e3o do Forroz\u00e3o Mazenir &amp; banda, at\u00e9 as 06h30min do dia seguinte, com vasta premia\u00e7\u00e3o:<br>Uma televis\u00e3o, cortesia do deputado Estadual Rog\u00e9rio Aguiar.<br>Um fog\u00e3o, cortesia da J. Arruda m\u00f3veis.<br>Uma bicicleta, cortesia da Boutique G.<br>Um rack, cortesia da J.B. Madeireira e Serraria.<br>Um celular, cortesia da Layser DVD e Celulares.<br>Um ventilador, cortesia do Presidente Expedito Filho.<br>Um liquidificador, cortesia do Mercadinho e Frigor\u00edfico Bons Amigos (Organiza\u00e7\u00e3o: Basti\u00e3o &amp; Vera).<br>Uma cesta natura, cortesia da Cl\u00e1udia presentes.<br>Apoio cultural do deputado Doutor Gerardo Soares.<br>Apoio: Prefeitura Municipal de Massap\u00e9 \u2013 crescendo mais com voc\u00ea.<\/p>\n\n\n\n<p>23 DE JULHO DE 2005: 57 anos de tradi\u00e7\u00e3o! Local: Centro Social Massapeense. Anima\u00e7\u00e3o do Forroz\u00e3o Mazenir &amp; banda, at\u00e9 o amanhecer do dia, com vasta premia\u00e7\u00e3o:<br>2 TVs; 1 fog\u00e3o; 1 guarda-roupa; 3 Ventiladores; 1 Panela de press\u00e3o; kits Natura.<br>Abaixo, cartaz do Chit\u00e3o dos Pobres 2005:<br>Colaboradores e parceiros: deputado Rog\u00e9rio Aguiar; Madeireira JB; Expedito Filho; Frigor\u00edfico Mumbaba; Casa Assun\u00e7\u00e3o; Bete Boutique; Boutique G e Cl\u00e1udia Presentes.<\/p>\n\n\n\n<p>17 DE JULHO DE 2004: 56 anos de tradi\u00e7\u00e3o! Local: Centro Social Massapeense. Anima\u00e7\u00e3o do Forroz\u00e3o Mazenir &amp; banda, at\u00e9 as 06h30min do dia seguinte, com vasta premia\u00e7\u00e3o:<br>Uma geladeira, cortesia do Senador Luiz Pontes (felizardo: Jorge Frecheira);<br>Uma televis\u00e3o, cortesia do deputado Estadual Rog\u00e9rio Aguiar;<br>Um guarda-roupa, cortesia da Madeireira e Serraria JB;<br>Uma cesta Natura, cortesia da Claudia Presentes.<\/p>\n\n\n\n<p>17 E JULHO DE 2003: 55 anos de tradi\u00e7\u00e3o! Local: Centro Social Massapeense. Anima\u00e7\u00e3o da banda de forr\u00f3 de Fortaleza \u201cMala &amp; Cuia\u201d, at\u00e9 as 06h30min do dia seguinte, com vasta premia\u00e7\u00e3o:<br>Uma televis\u00e3o, cortesia do deputado Estadual Rog\u00e9rio Aguiar;<br>Uma televis\u00e3o, cortesia da Prefeitura Municipal de Massap\u00ea (Administra\u00e7\u00e3o Nilson Frota);<br>Um fog\u00e3o 4 bocas, cortesia da Farm\u00e1cia Nova;<br>Uma bicicleta, cortesia da Boutique G.<br>Cestas Natura, cortesia da Claudia Presentes.<\/p>\n\n\n\n<p>20 DE JULHO DE 2002: 54 anos de tradi\u00e7\u00e3o! Local: Centro Social Massapeense. Anima\u00e7\u00e3o do Forroz\u00e3o Mazenir &amp; banda, at\u00e9 as 06h30min do dia seguinte, com vasta premia\u00e7\u00e3o:<br>Uma televis\u00e3o, cortesia do deputado Estadual Rog\u00e9rio Aguiar;<br>Um fog\u00e3o 4 bocas, cortesia da Farm\u00e1cia Nova (Fernando Antonio);<br>Uma bicicleta, cortesia da Boutique G.<br>Cestas Natura, cortesia da Claudia Presentes.<\/p>\n\n\n\n<p>21 DE JULHO DE 2001: 53 anos de tradi\u00e7\u00e3o! Local: Centro Social Massapeense. Anima\u00e7\u00e3o do Forroz\u00e3o Mazenir &amp; banda, at\u00e9 as 07h do dia seguinte, com vasta premia\u00e7\u00e3o:<br>Uma televis\u00e3o, cortesia do deputado Estadual Rog\u00e9rio Aguiar.<br>Um fog\u00e3o 4 bocas, cortesia da Farm\u00e1cia Nova.<br>Uma bicicleta, cortesia da Boutique G.<br>Cestas Natura, cortesia da Claudia Presentes.<\/p>\n\n\n\n<p>15 DE JULHO DE 2000: 52 anos de tradi\u00e7\u00e3o! Local: Centro Social Massapeense. Anima\u00e7\u00e3o do Forroz\u00e3o. Mazenir &amp; banda, at\u00e9 as 06h30min do dia seguinte, com a seguinte premia\u00e7\u00e3o:<br>Uma televis\u00e3o, cortesia do deputado Estadual Rog\u00e9rio Aguiar;<br>Cestas Natura, cortesia da Claudia Presentes.<\/p>\n\n\n\n<p>17 DE JULHO DE 1999: 51 anos de tradi\u00e7\u00e3o! Local: Centro Social Massapeense. Anima\u00e7\u00e3o do Conjunto Crisanto Show Banda, at\u00e9 o manhecer do dia, com sorteio de um fog\u00e3o e uma bicicleta, cortesia do promovente da festa Expedito Ferreira.<\/p>\n\n\n\n<p>18 DE JULHO DE 1998: 50 anos de tradi\u00e7\u00e3o! Local: Centro Social Massapeense. Anima\u00e7\u00e3o dp Conjunto Crisanto Show Banda, at\u00e9 o amanhecer do dia, com sorteio de um fog\u00e3o e uma bicicleta.<\/p>\n\n\n\n<p>19 DE JULHO DE 1997: 49 anos de tradi\u00e7\u00e3o! Local: Centro Social Massapeense. Anima\u00e7\u00e3o do Conjunto Z\u00e9 Mazenir, at\u00e9 o amanhecer do dia, com sorteio de um fog\u00e3o e uma bicicleta.<\/p>\n\n\n\n<p>20 DE JULHO DE 1996: 48 anos de tradi\u00e7\u00e3o! Local: quadra do Educand\u00e1rio Nossa Senhora do Carmo. Anima\u00e7\u00e3o do Conjunto Z\u00e9 Mazenir, at\u00e9 o amanhecer do dia, com sorteio de um fog\u00e3o e uma bicicleta.<\/p>\n\n\n\n<p>15 DE JULHO DE 1995: 47 anos de tradi\u00e7\u00e3o! Local: quadra do Educand\u00e1rio N. S. do Carmo. Anima\u00e7\u00e3o do Conjunto Z\u00e9 Mazenir, at\u00e9 o amanhecer do dia, com sorteio de um fog\u00e3o e uma bicicleta.<\/p>\n\n\n\n<p>16 DE JULHO DE 1994: 46 anos de tradi\u00e7\u00e3o! Local: quadra do Educand\u00e1rio Nossa Senhora do Carmo. Anima\u00e7\u00e3o do Conjunto Z\u00e9 Mazenir, at\u00e9 o amanhecer do dia, com sorteio de um fog\u00e3o e uma bicicleta.<\/p>\n\n\n\n<p>17 DE JULHO DE 1993: 45 anos de tradi\u00e7\u00e3o! Local: quadra do Educand\u00e1rio Nossa Senhora do Carmo. Anima\u00e7\u00e3odo Conjunto \u201cCrisanto Show Banda\u201d de Sobral, at\u00e9 o amanhecer do dia, com sorteio de um fog\u00e3o e uma bicicleta.<\/p>\n\n\n\n<p>18 DE JULHO DE 1992: 44 anos de tradi\u00e7\u00e3o! Local: quadra do Educand\u00e1rio Nossa Senhora do Carmo. Anima\u00e7\u00e3o do Conjunto \u201cCrisanto Show Banda\u201d de Sobral, at\u00e9 o amanhecer do dia, com sorteio de um fog\u00e3o e uma bicicleta.<\/p>\n\n\n\n<p>20 DE JULHO DE 1991: 43 anos de tradi\u00e7\u00e3o! Local: quadra do Educand\u00e1rio Nossa Senhora do Carmo. Anima\u00e7\u00e3o do Conjunto Raios do Som de Sobral, at\u00e9 o amanhecer do dia, com vasta premia\u00e7\u00e3o.<\/p>\n\n\n\n<p>21 DE JULHO DE 1990: 42 anos de tradi\u00e7\u00e3o! Local: quadra do Educand\u00e1rio Nossa Senhora do Carmo. Anima\u00e7\u00e3o Conjunto \u201cRaios do Som\u201d de Sobral, at\u00e9 o amanhecer do dia, com vasta premia\u00e7\u00e3o.<\/p>\n\n\n\n<p>22 DE JULHO DE 1989: 41 anos de tradi\u00e7\u00e3o! Local: quadra do Educand\u00e1rio Nossa Senhora do Carmo. Anima\u00e7\u00e3o Conjunto \u201cRaios do Som\u201d de Sobral, at\u00e9 o amanhecer do dia, com vasta premia\u00e7\u00e3o.<\/p>\n\n\n\n<p>16 DE JULHO DE 1988: 40 anos de tradi\u00e7\u00e3o! Local: quadra do Educand\u00e1rio Nossa Senhora do Carmo. Anima\u00e7\u00e3o do Conjunto \u201cRaios do Som\u201d de Sobral, at\u00e9 o amanhecer do dia, com vasta premia\u00e7\u00e3o.<\/p>\n\n\n\n<p>18 DE JULHO DE 1987: 39 anos de tradi\u00e7\u00e3o! Local: quadra do Educand\u00e1rio Nossa Senhora do Carmo. Anima\u00e7\u00e3o do Conjunto \u201cRaios do Som\u201d de Sobral, at\u00e9 o amanhecer do dia, com vasta premia\u00e7\u00e3o.<\/p>\n\n\n\n<p>19 DE JULHO DE 1986: 38 anos de tradi\u00e7\u00e3o! Local: quadra do Educand\u00e1rio Nossa Senhora do Carmo. Anima\u00e7\u00e3o do Conjunto \u201cRaios do Som\u201d de Sobral, at\u00e9 o amanhecer do dia, com vasta premia\u00e7\u00e3o.<\/p>\n\n\n\n<p>20 DE JULHO DE 1985: 37 anos de tradi\u00e7\u00e3o! Local: quadra do Educand\u00e1rio Nossa Senhora do Carmo. Anima\u00e7\u00e3o do Conjunto \u201cRaios do Som\u201d de Sobral, at\u00e9 o amanhecer do dia, com vasta premia\u00e7\u00e3o.<\/p>\n\n\n\n<p>21 DE JULHO DE 1984: 36 anos de tradi\u00e7\u00e3o! Local: quadra do Educand\u00e1rio Nossa Senhora do Carmo. Anima\u00e7\u00e3o do Conjunto \u201cSim\u00f5es Carolino\u201d de Sobral, at\u00e9 o amanhecer do dia, com vasta premia\u00e7\u00e3o.<\/p>\n\n\n\n<p>23 DE JULHO DE 1983: 35 anos de tradi\u00e7\u00e3o! Local: quadra do Educand\u00e1rio Nossa Senhora do Carmo. Anima\u00e7\u00e3o do Conjunto \u201cSim\u00f5es Carolino\u201d de Sobral, at\u00e9 o amanhecer do dia, com vasta premia\u00e7\u00e3o. Dona Terezinha Ribeiro ganhou uma m\u00e1quina de costura, cortesia do promovente da festa. Vide fotografia na sess\u00e3o \u201cfotos\u201d.<\/p>\n\n\n\n<p>17 DEJULHO DE 1982: 34 anos de tradi\u00e7\u00e3o! Local: quadra do Educand\u00e1rio Nossa Senhora do Carmo. Anima\u00e7\u00e3o do Conjunto \u201cSim\u00f5es Carolino\u201d de Sobral, at\u00e9 o amanhecer do dia, com vasta premia\u00e7\u00e3o.<\/p>\n\n\n\n<p>18 DE JULHO DE 1981: 33 anos de tradi\u00e7\u00e3o! Local: quadra do Educand\u00e1rio Nossa Senhora do Carmo. Anima\u00e7\u00e3o do Conjunto \u201cSim\u00f5es Carolino\u201d de Sobral, at\u00e9 o amanhecer do dia, com vasta premia\u00e7\u00e3o.<\/p>\n\n\n\n<p>19 DE JULHO DE 1980: 32 anos de tradi\u00e7\u00e3o! Local: quadra do Educand\u00e1rio Nossa Senhora do Carmo. Anima\u00e7\u00e3o do Conjunto \u201cAses do Planalto\u201d de Ubajara, at\u00e9 o amanhecer do dia, com sorteio de uma m\u00e1quina de costura para as mulheres e uma bicicleta para os homens.<\/p>\n\n\n\n<p>21 DE JULHO DE 1979: 31 anos de tradi\u00e7\u00e3o! Local: quadra do Educand\u00e1rio Nossa Senhora do Carmo. Anima\u00e7\u00e3o do Conjunto \u201cAses do Planalto\u201d de Ubajara, at\u00e9 o amanhecer do dia, com sorteio de uma m\u00e1quina de costura para as mulheres e uma bicicleta para os homens.<\/p>\n\n\n\n<p>22 DE JULHO DE 1978: 30 anos de tradi\u00e7\u00e3o! Local: quadra do Educand\u00e1rio Nossa Senhora do Carmo. Anima\u00e7\u00e3o do Conjunto \u201cAses do Planalto\u201d de Ubajara, at\u00e9 o amanhecer do dia, com sorteio de uma m\u00e1quina de costura para as mulheres e uma bicicleta para os homens.<\/p>\n\n\n\n<p>23 DE JULHO DE 1977: 29 anos de tradi\u00e7\u00e3o! Local: quadra do Educand\u00e1rio Nossa Senhora do Carmo. Anima\u00e7\u00e3o do Conjunto \u201cChiquinho Neguim da Mira\u00edma\u201d at\u00e9 as 06h30min do dia seguinte, com sorteio de uma bicicleta para os homens e um fog\u00e3o para as mulheres, cortesia do promovente Expedito Ferreira. Vide fotografias no link Galeria de Fotos.<\/p>\n\n\n\n<p>24 DE JULHO DE 1976: 28 anos de tradi\u00e7\u00e3o! Local: quadra do Educand\u00e1rio Nossa Senhora do Carmo. Anima\u00e7\u00e3o do Conjunto \u201cOs Alegres\u201d do sanfoneiro Prud\u00eancio Maranhense, at\u00e9 as 06h30min do dia seguinte, com sorteio de uma bicicleta para os homens e um fog\u00e3o para as mulheres, cortesia do promovente Expedito Ferreira.<\/p>\n\n\n\n<p>19 DE JULHO DE 1975: 27 anos de tradi\u00e7\u00e3o! Local. Quadra do Educand\u00e1rio Nossa Senhora do Carmo. Anima\u00e7\u00e3o do Conjunto \u201cOs Alegres\u201d do sanfoneiro Prud\u00eancio Maranhense, at\u00e9 as 06h30min do dia seguinte, com sorteio de uma bicicleta Monark para os homens e um fog\u00e3o para as mulheres, cortesia do promovente Expedito Ferreira.<\/p>\n\n\n\n<p>20 DE JULHO DE 1974: 26 anos de tradi\u00e7\u00e3o! Local: quadra do Educand\u00e1rio Nossa Senhora do Carmo. Anima\u00e7\u00e3o do Conjunto \u201cOs Alegres\u201d do sanfoneiro Prud\u00eancio Maranhense, at\u00e9 as 06h30min do dia seguinte, com sorteio de uma bicicleta Monark para os homens e um fog\u00e3o para as mulheres, cortesia do promovente Expedito Ferreira.<\/p>\n\n\n\n<p>21 DE JULHO DE 1973: 25 anos de tradi\u00e7\u00e3o! Local: quadra do Educand\u00e1rio Nossa Senhora do Carmo. Anima\u00e7\u00e3o do Conjunto \u201cOs Alegres\u201d do sanfoneiro Prud\u00eancio Maranhense, at\u00e9 as 06h30min do dia seguinte, com sorteio de uma bicicleta Monark para os homens e um fog\u00e3o para as mulheres, cortesia do promovente Expedito Ferreira.<\/p>\n\n\n\n<p>22 DE JULHO DE 1972: 24 anos de tradi\u00e7\u00e3o! Local: quadra do Educand\u00e1rio Nossa Senhora do Carmo. Anima\u00e7\u00e3o do Conjunto \u201cOs Alegres\u201d do sanfoneiro Prud\u00eancio Maranhense, at\u00e9 as 06h30min do dia seguinte, com sorteio de uma bicicleta Monark para os homens e uma m\u00e1quina de costura para as mulheres, cortesia do promovente Expedito Ferreira.<\/p>\n\n\n\n<p>24 DE JULHO DE 1971: 23 anos de tradi\u00e7\u00e3o! Local: quadra do Educand\u00e1rio Nossa Senhora do Carmo. Anima\u00e7\u00e3o do Conjunto \u201cOs Alegres\u201d do sanfoneiro Prud\u00eancio Maranhense, at\u00e9 as 06h30min do dia seguinte, com sorteio de uma bicicleta Monark para os homens e uma m\u00e1quina de costura para as mulheres, cortesia do promovente Expedito Ferreira.<\/p>\n\n\n\n<p>18 DE JULHO DE 1970: 22 anos de tradi\u00e7\u00e3o! Local: quadra do Educand\u00e1rio Nossa Senhora do Carmo. Anima\u00e7\u00e3o do Conjunto \u201cOs Alegres\u201d do sanfoneiro Prud\u00eancio Maranhense, at\u00e9 as 06h30min do dia seguinte, com sorteio de uma bicicleta Monark para os homens e uma m\u00e1quina de costura para as mulheres, cortesia do promovente Expedito Ferreira.<\/p>\n\n\n\n<p>3\u00ba S\u00c1BADO DE JULHO DE 1969: 21 anos de tradi\u00e7\u00e3o! Local: quadra do Educand\u00e1rio Nossa Senhora do Carmo. Anima\u00e7\u00e3o do Conjunto \u201cOs Alegres\u201d do sanfoneiro Prud\u00eancio Maranhense, at\u00e9 as 06h30min do dia seguinte, com sorteio de uma bicicleta Monark para os homens e uma m\u00e1quina de costura para as mulheres, cortesia do promovente Expedito Ferreira.<\/p>\n\n\n\n<p>3\u00ba S\u00c1BADO DE JULHO DE 1968: 20 anos de tradi\u00e7\u00e3o! Local: quadra do Educand\u00e1rio Nossa Senhora do Carmo. Anima\u00e7\u00e3o do Conjunto \u201cOs Alegres\u201d com o sanfoneiro Prud\u00eancio Maranhense, at\u00e9 as 06h30min do dia seguinte, com sorteio de uma bicicleta Monark para os homens e uma m\u00e1quina de costura para as mulheres, cortesia do promovente Expedito Ferreira.<\/p>\n\n\n\n<p>3\u00ba S\u00c1BADO DE JULHO DE 1967: 19 anos de tradi\u00e7\u00e3o! Local: quadra do Educand\u00e1rio Nossa Senhora do Carmo. Anima\u00e7\u00e3o do Conjunto \u201cMan\u00e9 Walter\u201d, at\u00e9 o amanhecer do dia, com sorteio de uma bicicleta para os homens e um fog\u00e3o para as mulheres.<\/p>\n\n\n\n<p>3\u00ba S\u00c1BADO DE JULHO DE 1966: 18 anos de tradi\u00e7\u00e3o! Local: quadra do Educand\u00e1rio Nossa Senhora do Carmo. Anima\u00e7\u00e3o do sanfoneiro \u201cGerardo Ferreira\u201d, de Sobral at\u00e9 o amanhecer do dia, com sorteio de uma bicicleta para os homens e um fog\u00e3o para as mulheres.<\/p>\n\n\n\n<p>3\u00ba S\u00c1BADO DE JULHO DE 1965: 17 anos de tradi\u00e7\u00e3o! Local: quadra do Educand\u00e1rio Nossa Senhora do Carmo. Anima\u00e7\u00e3o do sanfoneiro \u201cGerardo Ferreira\u201d, at\u00e9 o amanhecer do dia, com sorteio de uma bicicleta para os homens e um fog\u00e3o para as mulheres.<\/p>\n\n\n\n<p>3\u00ba S\u00c1BADO DE JULHO DE 1964: 16 anos de tradi\u00e7\u00e3o! Local: quadra do Educand\u00e1rio Nossa Senhora do Carmo. Anima\u00e7\u00e3o do sanfoneiro \u201cGerardo Ferreira\u201d de Sobral, at\u00e9 amanhecer do dia, com sorteio de uma bicicleta para os homens e um fog\u00e3o para as mulheres.<\/p>\n\n\n\n<p>3\u00ba S\u00c1BADO DE JULHO DE 1963: 15 anos de tradi\u00e7\u00e3o! Local: quadra do Educand\u00e1rio Nossa Senhora do Carmo. Anima\u00e7\u00e3o do sanfoneiro \u201cGerardo Ferreira\u201d de Sobral, at\u00e9 o amanhecer do dia, com sorteio de uma bicicleta para os homens e um fog\u00e3o para as mulheres.<\/p>\n\n\n\n<p>3\u00ba S\u00c1BADO DE JULHO DE 1962: 14 anos de tradi\u00e7\u00e3o! Local: quadra do Educand\u00e1rio Nossa Senhora do Carmo. Anima\u00e7\u00e3o do sanfoneiro \u201cGerardo Ferreira\u201d de Sobral, at\u00e9 o amanhecer do dia, com sorteio de uma bicicleta para os homens e um fog\u00e3o para as mulheres.<\/p>\n\n\n\n<p>3\u00ba S\u00c1BADO DE JULHO DE 1961:13 anos de tradi\u00e7\u00e3o! Local: quadra do Educand\u00e1rio Nossa Senhora do Carmo. Anima\u00e7\u00e3o do sanfoneiro \u201cGerardo Ferreira\u201d de Sobral, at\u00e9 o amanhecer do dia, com vasta premia\u00e7\u00e3o.<\/p>\n\n\n\n<p>3\u00ba S\u00c1BADO DE JULHO DE 1960: 12 anos de tradi\u00e7\u00e3o! Local: quadra do Educand\u00e1rio Nossa Senhora do Carmo. Anima\u00e7\u00e3o do sanfoneiro \u201cZ\u00e9 Caf\u00e9\u201d de Sobral, at\u00e9 o amanhecer do dia, com vasta premia\u00e7\u00e3o.<\/p>\n\n\n\n<p>3\u00ba S\u00c1BADO DE JULHO DE 1959: 11 anos de tradi\u00e7\u00e3o! Local: quadra do Educand\u00e1rio Nossa Senhora do Carmo. Anima\u00e7\u00e3o do sanfoneiro \u201cZ\u00e9 Caf\u00e9\u201d de Sobral, at\u00e9 o amanhecer do dia, com vasta premia\u00e7\u00e3o.<\/p>\n\n\n\n<p>3\u00ba S\u00c1BADO DE JULHO DE 1958: 10 anos de tradi\u00e7\u00e3o! Local: quadra do Educand\u00e1rio Nossa Senhora do Carmo. Anima\u00e7\u00e3o do sanfoneiro \u201cZ\u00e9 Caf\u00e9\u201d de Sobral, at\u00e9 o amanhecer do dia, com vasta premia\u00e7\u00e3o.<\/p>\n\n\n\n<p>3\u00ba S\u00c1BADO DE JULHO DE 1957: 09 anos de tradi\u00e7\u00e3o! Local: quadra do Educand\u00e1rio Nossa Senhora do Carmo. Anima\u00e7\u00e3o do sanfoneiro \u201cZ\u00e9 Caf\u00e9\u201d de Sobral, at\u00e9 o amanhecer do dia, com vasta premia\u00e7\u00e3o.<\/p>\n\n\n\n<p>3\u00ba S\u00c1BADO DE JULHO DE 1956: 08 anos de tradi\u00e7\u00e3o! Local: quadra do Educand\u00e1rio Nossa Senhora do Carmo. Anima\u00e7\u00e3o do sanfoneiro \u201cZ\u00e9 Caf\u00e9\u201d de Sobral, at\u00e9 o amanhecer do dia, com vasta premia\u00e7\u00e3o.<\/p>\n\n\n\n<p>3\u00ba S\u00c1BADO DE JULHO DE 1955: 07 anos de tradi\u00e7\u00e3o! Local: quadra do Educand\u00e1rio Nossa Senhora do Carmo. Anima\u00e7\u00e3o do sanfoneiro \u201cZ\u00e9 Caf\u00e9\u201d de Sobral, at\u00e9 o amanhecer do dia, com vasta premia\u00e7\u00e3o.<\/p>\n\n\n\n<p>3\u00ba S\u00c1BADO DE JULHO DE 1954: 06 anos de tradi\u00e7\u00e3o! Animada com o mesmo grupo musical da festa inaugural no ano 1948.<\/p>\n\n\n\n<p>3\u00ba S\u00c1BADO DE JULHO DE 1953: 05 anos de tradi\u00e7\u00e3o! Animada com o mesmo grupo musical da festa inaugural no ano 1948.<\/p>\n\n\n\n<p>3\u00ba S\u00c1BADO DE JULHO DE 1952: 04 anos de tradi\u00e7\u00e3o! Animada com o mesmo grupo musical da festa inaugural no ano 1948.<\/p>\n\n\n\n<p>3\u00ba S\u00c1BADO DE JULHO DE 1951: 03 anos de tradi\u00e7\u00e3o! Animada com o mesmo grupo musical da festa inaugural no ano 1948.<\/p>\n\n\n\n<p>3\u00ba S\u00c1BADO DE JULHO DE 1950: 02 anos de tradi\u00e7\u00e3o! Animada com o mesmo grupo musical da festa inaugural no ano 1948.<\/p>\n\n\n\n<p>3\u00ba S\u00c1BADO DE JULHO DE 1949: 01 ano de tradi\u00e7\u00e3o! Animada com o mesmo grupo musical da festa inaugural no ano 1948.<\/p>\n\n\n\n<p>3\u00ba S\u00c1BADO DE JULHO DE 1948: 1\u00aa festa do \u201cChit\u00e3o dos Pobres\u201d de Massap\u00ea, realizada no pr\u00e9dio onde hoje abriga a sede da Prefeitura Municipal de nossa cidade, animada pelo sanfoneiro senhor Henriques (profiss\u00e3o barbeiro), de saudosa mem\u00f3ria, acompanhado do tri\u00e2ngulo, zabumba, pandeiro, no baixo Raimundo Adeodato (de saudosa mem\u00f3ria), no trombone Manoel de Barros, (90 anos em 2010), no piston Chico Caca (de saudosa mem\u00f3ria), sem equipamento de som. Ressalte-se que o conjunto e ou banda n\u00e3o tinha nome nem forma\u00e7\u00e3o permanente, pois era formada de improviso. Mulheres n\u00e3o pagavam para entrar. Ali\u00e1s, essa regalia se estendeu at\u00e9 final dos anos setenta. Essa edi\u00e7\u00e3o embrion\u00e1ria, \u00e9, sem duvida, hist\u00f3rica, pois, foi o marco inicial de uma tradi\u00e7\u00e3o que se perpetuar\u00e1 de pai para filho e de gera\u00e7\u00e3o para gera\u00e7\u00e3o.\ufeff<\/p>\n","protected":false},"excerpt":{"rendered":"<p>19 de JULHO DE 2025: 77 anos de tradi\u00e7\u00e3o! Anima\u00e7\u00e3o com Dany &amp; Forroz\u00e3o Mazenir, Forr\u00f3 na Pisadinha Marcos Miranda. Local: Clube Recanto C\u00e9u Azul. 8 de JULHO DE 2023: 75 anos de tradi\u00e7\u00e3o! Anima\u00e7\u00e3o com Tomma Forroz\u00e3o, Forr\u00f3 na Pisadinha e Dor\u00e9 do Acordeon. Local: Clube Recanto C\u00e9u Azul. 16 de JULHO DE 2022: [&hellip;]<\/p>\n","protected":false},"author":1,"featured_media":0,"parent":0,"menu_order":0,"comment_status":"closed","ping_status":"closed","template":"","meta":{"footnotes":""},"class_list":["post-60","page","type-page","status-publish","hentry"],"_links":{"self":[{"href":"https:\/\/chitaodospobres.com.br\/index.php?rest_route=\/wp\/v2\/pages\/60","targetHints":{"allow":["GET"]}}],"collection":[{"href":"https:\/\/chitaodospobres.com.br\/index.php?rest_route=\/wp\/v2\/pages"}],"about":[{"href":"https:\/\/chitaodospobres.com.br\/index.php?rest_route=\/wp\/v2\/types\/page"}],"author":[{"embeddable":true,"href":"https:\/\/chitaodospobres.com.br\/index.php?rest_route=\/wp\/v2\/users\/1"}],"replies":[{"embeddable":true,"href":"https:\/\/chitaodospobres.com.br\/index.php?rest_route=%2Fwp%2Fv2%2Fcomments&post=60"}],"version-history":[{"count":4,"href":"https:\/\/chitaodospobres.com.br\/index.php?rest_route=\/wp\/v2\/pages\/60\/revisions"}],"predecessor-version":[{"id":423,"href":"https:\/\/chitaodospobres.com.br\/index.php?rest_route=\/wp\/v2\/pages\/60\/revisions\/423"}],"wp:attachment":[{"href":"https:\/\/chitaodospobres.com.br\/index.php?rest_route=%2Fwp%2Fv2%2Fmedia&parent=60"}],"curies":[{"name":"wp","href":"https:\/\/api.w.org\/{rel}","templated":true}]}}